{"id":112,"date":"2023-11-15T14:23:26","date_gmt":"2023-11-15T13:23:26","guid":{"rendered":"http:\/\/blackberline.fr\/?page_id=112"},"modified":"2023-11-17T21:56:28","modified_gmt":"2023-11-17T20:56:28","slug":"tarifs","status":"publish","type":"page","link":"https:\/\/blackberline.fr\/index.php\/tarifs\/","title":{"rendered":"Nos Forfaits"},"content":{"rendered":"\t\t<div data-elementor-type=\"wp-page\" data-elementor-id=\"112\" class=\"elementor elementor-112\">\n\t\t\t\t\t\t\t<div class=\"elementor-element elementor-element-43a3da9 e-con-full e-flex e-con e-parent\" data-id=\"43a3da9\" data-element_type=\"container\" data-settings=\"{&quot;background_background&quot;:&quot;classic&quot;,&quot;content_width&quot;:&quot;full&quot;}\" data-core-v316-plus=\"true\">\n\t\t<div class=\"elementor-element elementor-element-670f6d34 e-con-full e-flex e-con e-child\" data-id=\"670f6d34\" data-element_type=\"container\" data-settings=\"{&quot;content_width&quot;:&quot;full&quot;}\">\n\t\t\t\t<div class=\"elementor-element elementor-element-5b84fcb8 elementor-widget elementor-widget-image\" data-id=\"5b84fcb8\" data-element_type=\"widget\" data-widget_type=\"image.default\">\n\t\t\t\t<div class=\"elementor-widget-container\">\n\t\t\t<style>\/*! elementor - v3.17.0 - 08-11-2023 *\/\n.elementor-widget-image{text-align:center}.elementor-widget-image a{display:inline-block}.elementor-widget-image a img[src$=\".svg\"]{width:48px}.elementor-widget-image img{vertical-align:middle;display:inline-block}<\/style>\t\t\t\t\t\t\t\t\t\t\t\t<img fetchpriority=\"high\" decoding=\"async\" width=\"725\" height=\"400\" src=\"https:\/\/blackberline.fr\/wp-content\/uploads\/2023\/11\/image6-1.webp\" class=\"attachment-large size-large wp-image-186\" alt=\"Image6\" srcset=\"https:\/\/blackberline.fr\/wp-content\/uploads\/2023\/11\/image6-1.webp 725w, https:\/\/blackberline.fr\/wp-content\/uploads\/2023\/11\/image6-1-300x166.webp 300w, https:\/\/blackberline.fr\/wp-content\/uploads\/2023\/11\/image6-1-460x254.webp 460w\" sizes=\"100vw\" \/>\t\t\t\t\t\t\t\t\t\t\t\t\t\t\t<\/div>\n\t\t\t\t<\/div>\n\t\t\t\t<\/div>\n\t\t<div class=\"elementor-element elementor-element-114330bb e-con-full e-flex e-con e-child\" data-id=\"114330bb\" data-element_type=\"container\" data-settings=\"{&quot;content_width&quot;:&quot;full&quot;}\">\n\t\t\t\t<div class=\"elementor-element elementor-element-0fda2ed elementor-widget elementor-widget-heading\" data-id=\"0fda2ed\" data-element_type=\"widget\" data-widget_type=\"heading.default\">\n\t\t\t\t<div class=\"elementor-widget-container\">\n\t\t\t<style>\/*! elementor - v3.17.0 - 08-11-2023 *\/\n.elementor-heading-title{padding:0;margin:0;line-height:1}.elementor-widget-heading .elementor-heading-title[class*=elementor-size-]>a{color:inherit;font-size:inherit;line-height:inherit}.elementor-widget-heading .elementor-heading-title.elementor-size-small{font-size:15px}.elementor-widget-heading .elementor-heading-title.elementor-size-medium{font-size:19px}.elementor-widget-heading .elementor-heading-title.elementor-size-large{font-size:29px}.elementor-widget-heading .elementor-heading-title.elementor-size-xl{font-size:39px}.elementor-widget-heading .elementor-heading-title.elementor-size-xxl{font-size:59px}<\/style><h2 class=\"elementor-heading-title elementor-size-default\">R\u00e9servation pour l'a\u00e9roport de Marseille<\/h2>\t\t<\/div>\n\t\t\t\t<\/div>\n\t\t\t\t<div class=\"elementor-element elementor-element-7e7a94c elementor-widget elementor-widget-text-editor\" data-id=\"7e7a94c\" data-element_type=\"widget\" data-widget_type=\"text-editor.default\">\n\t\t\t\t<div class=\"elementor-widget-container\">\n\t\t\t<style>\/*! elementor - v3.17.0 - 08-11-2023 *\/\n.elementor-widget-text-editor.elementor-drop-cap-view-stacked .elementor-drop-cap{background-color:#69727d;color:#fff}.elementor-widget-text-editor.elementor-drop-cap-view-framed .elementor-drop-cap{color:#69727d;border:3px solid;background-color:transparent}.elementor-widget-text-editor:not(.elementor-drop-cap-view-default) .elementor-drop-cap{margin-top:8px}.elementor-widget-text-editor:not(.elementor-drop-cap-view-default) .elementor-drop-cap-letter{width:1em;height:1em}.elementor-widget-text-editor .elementor-drop-cap{float:left;text-align:center;line-height:1;font-size:50px}.elementor-widget-text-editor .elementor-drop-cap-letter{display:inline-block}<\/style>\t\t\t\t<p style=\"text-align: center;\">Trouvez rapidement votre chauffeur en d\u00e9part de Marseille ou \u00e0 l&#8217;arriv\u00e9e de l&#8217;a\u00e9roport AMP Marignane\u00a0<\/p><p style=\"text-align: center;\">\u00e0 partir de 59.90\u20ac<\/p>\t\t\t\t\t\t<\/div>\n\t\t\t\t<\/div>\n\t\t\t\t<\/div>\n\t\t\t\t<\/div>\n\t\t<div class=\"elementor-element elementor-element-172bdb19 e-con-full e-flex e-con e-parent\" data-id=\"172bdb19\" data-element_type=\"container\" data-settings=\"{&quot;background_background&quot;:&quot;classic&quot;,&quot;content_width&quot;:&quot;full&quot;}\" data-core-v316-plus=\"true\">\n\t\t<div class=\"elementor-element elementor-element-9b4d06a e-con-full e-flex e-con e-child\" data-id=\"9b4d06a\" data-element_type=\"container\" data-settings=\"{&quot;content_width&quot;:&quot;full&quot;}\">\n\t\t\t\t<div class=\"elementor-element elementor-element-52219d45 elementor-widget elementor-widget-heading\" data-id=\"52219d45\" data-element_type=\"widget\" data-widget_type=\"heading.default\">\n\t\t\t\t<div class=\"elementor-widget-container\">\n\t\t\t<h2 class=\"elementor-heading-title elementor-size-default\">R\u00e9servation pour la Gare de Saint-Charles<\/h2>\t\t<\/div>\n\t\t\t\t<\/div>\n\t\t\t\t<div class=\"elementor-element elementor-element-4190b19 elementor-widget elementor-widget-text-editor\" data-id=\"4190b19\" data-element_type=\"widget\" data-widget_type=\"text-editor.default\">\n\t\t\t\t<div class=\"elementor-widget-container\">\n\t\t\t\t\t\t\t<p style=\"text-align: center;\">\u00c9vitez la foule \u00e0 la gare de Marseille Saint-Charles.<\/p>\n<p style=\"text-align: center;\">Lorsque vous descendez du train, un chauffeur vous attendra au d\u00e9pose minute.<\/p>\n<p style=\"text-align: center;\">\u00e0 partir de 24.90\u20ac<\/p>\t\t\t\t\t\t<\/div>\n\t\t\t\t<\/div>\n\t\t\t\t<\/div>\n\t\t<div class=\"elementor-element elementor-element-2d9ca854 e-con-full e-flex e-con e-child\" data-id=\"2d9ca854\" data-element_type=\"container\" data-settings=\"{&quot;content_width&quot;:&quot;full&quot;}\">\n\t\t\t\t<div class=\"elementor-element elementor-element-181d75e4 elementor-widget elementor-widget-image\" data-id=\"181d75e4\" data-element_type=\"widget\" data-widget_type=\"image.default\">\n\t\t\t\t<div class=\"elementor-widget-container\">\n\t\t\t\t\t\t\t\t\t\t\t\t\t\t\t<img decoding=\"async\" width=\"600\" height=\"600\" src=\"https:\/\/blackberline.fr\/wp-content\/uploads\/2023\/11\/490408065_rut07cbnns65jk9frqdfgxe0ynkwdxccriegaiy9tjq.webp\" class=\"attachment-large size-large wp-image-187\" alt=\"490408065_RuT07CBnNS65JK9fRqDfgxE0ynKWdxCcRieGaIy9tjQ\" srcset=\"https:\/\/blackberline.fr\/wp-content\/uploads\/2023\/11\/490408065_rut07cbnns65jk9frqdfgxe0ynkwdxccriegaiy9tjq.webp 600w, https:\/\/blackberline.fr\/wp-content\/uploads\/2023\/11\/490408065_rut07cbnns65jk9frqdfgxe0ynkwdxccriegaiy9tjq-300x300.webp 300w, https:\/\/blackberline.fr\/wp-content\/uploads\/2023\/11\/490408065_rut07cbnns65jk9frqdfgxe0ynkwdxccriegaiy9tjq-150x150.webp 150w, https:\/\/blackberline.fr\/wp-content\/uploads\/2023\/11\/490408065_rut07cbnns65jk9frqdfgxe0ynkwdxccriegaiy9tjq-306x306.webp 306w, https:\/\/blackberline.fr\/wp-content\/uploads\/2023\/11\/490408065_rut07cbnns65jk9frqdfgxe0ynkwdxccriegaiy9tjq-533x533.webp 533w\" sizes=\"100vw\" \/>\t\t\t\t\t\t\t\t\t\t\t\t\t\t\t<\/div>\n\t\t\t\t<\/div>\n\t\t\t\t<\/div>\n\t\t\t\t<\/div>\n\t\t<div class=\"elementor-element elementor-element-4cbddd24 e-con-full e-flex e-con e-parent\" data-id=\"4cbddd24\" data-element_type=\"container\" data-settings=\"{&quot;background_background&quot;:&quot;classic&quot;,&quot;content_width&quot;:&quot;full&quot;}\" data-core-v316-plus=\"true\">\n\t\t<div class=\"elementor-element elementor-element-67168188 e-con-full e-flex e-con e-child\" data-id=\"67168188\" data-element_type=\"container\" data-settings=\"{&quot;content_width&quot;:&quot;full&quot;}\">\n\t\t\t\t<div class=\"elementor-element elementor-element-369d8272 elementor-widget elementor-widget-heading\" data-id=\"369d8272\" data-element_type=\"widget\" data-widget_type=\"heading.default\">\n\t\t\t\t<div class=\"elementor-widget-container\">\n\t\t\t<h2 class=\"elementor-heading-title elementor-size-default\">R\u00e9servation pour le Port de Croisi\u00e8re<\/h2>\t\t<\/div>\n\t\t\t\t<\/div>\n\t\t\t\t<div class=\"elementor-element elementor-element-965f202 elementor-widget elementor-widget-text-editor\" data-id=\"965f202\" data-element_type=\"widget\" data-widget_type=\"text-editor.default\">\n\t\t\t\t<div class=\"elementor-widget-container\">\n\t\t\t\t\t\t\t<p style=\"text-align: center;\">Si vous partez ou revenez du port de croisi\u00e8re de Marseille, faites appel \u00e0 nous.<br \/>Confiez votre transfert de l\u2019h\u00f4tel au bateau \u00e0 des professionnels et profitez de votre voyage en toute s\u00e9r\u00e9nit\u00e9<\/p><p style=\"text-align: center;\">\u00e0 partir de 32.90\u20ac<\/p>\t\t\t\t\t\t<\/div>\n\t\t\t\t<\/div>\n\t\t\t\t<\/div>\n\t\t<div class=\"elementor-element elementor-element-235bdf74 e-con-full e-flex e-con e-child\" data-id=\"235bdf74\" data-element_type=\"container\" data-settings=\"{&quot;content_width&quot;:&quot;full&quot;}\">\n\t\t\t\t<div class=\"elementor-element elementor-element-66eba43e elementor-widget elementor-widget-image\" data-id=\"66eba43e\" data-element_type=\"widget\" data-widget_type=\"image.default\">\n\t\t\t\t<div class=\"elementor-widget-container\">\n\t\t\t\t\t\t\t\t\t\t\t\t\t\t\t<img decoding=\"async\" width=\"700\" height=\"375\" src=\"https:\/\/blackberline.fr\/wp-content\/uploads\/2023\/11\/go-photo-mpct-leon-gourret.webp\" class=\"attachment-large size-large wp-image-188\" alt=\"GO-Photo-MPCT-leon-gourret\" srcset=\"https:\/\/blackberline.fr\/wp-content\/uploads\/2023\/11\/go-photo-mpct-leon-gourret.webp 700w, https:\/\/blackberline.fr\/wp-content\/uploads\/2023\/11\/go-photo-mpct-leon-gourret-300x161.webp 300w, https:\/\/blackberline.fr\/wp-content\/uploads\/2023\/11\/go-photo-mpct-leon-gourret-460x246.webp 460w\" sizes=\"100vw\" \/>\t\t\t\t\t\t\t\t\t\t\t\t\t\t\t<\/div>\n\t\t\t\t<\/div>\n\t\t\t\t<\/div>\n\t\t\t\t<\/div>\n\t\t<div class=\"elementor-element elementor-element-b8bb6b3 e-flex e-con-boxed e-con e-parent\" data-id=\"b8bb6b3\" data-element_type=\"container\" data-settings=\"{&quot;content_width&quot;:&quot;boxed&quot;}\" data-core-v316-plus=\"true\">\n\t\t\t\t\t<div class=\"e-con-inner\">\n\t\t<div class=\"elementor-element elementor-element-93741ee e-con-full e-flex e-con e-child\" data-id=\"93741ee\" data-element_type=\"container\" data-settings=\"{&quot;background_background&quot;:&quot;classic&quot;,&quot;content_width&quot;:&quot;full&quot;}\">\n\t\t<div class=\"elementor-element elementor-element-c56bbd0 e-con-full e-flex e-con e-child\" data-id=\"c56bbd0\" data-element_type=\"container\" data-settings=\"{&quot;content_width&quot;:&quot;full&quot;}\">\n\t\t\t\t<div class=\"elementor-element elementor-element-9d622d9 elementor-widget elementor-widget-heading\" data-id=\"9d622d9\" data-element_type=\"widget\" data-widget_type=\"heading.default\">\n\t\t\t\t<div class=\"elementor-widget-container\">\n\t\t\t<h2 class=\"elementor-heading-title elementor-size-default\">R\u00e9servation pour Aix-en-Provence<\/h2>\t\t<\/div>\n\t\t\t\t<\/div>\n\t\t\t\t<div class=\"elementor-element elementor-element-655e7e7 elementor-widget elementor-widget-text-editor\" data-id=\"655e7e7\" data-element_type=\"widget\" data-widget_type=\"text-editor.default\">\n\t\t\t\t<div class=\"elementor-widget-container\">\n\t\t\t\t\t\t\t<p style=\"text-align: center;\">Aix-en-Provence, joyau du sud de la France, s\u00e9duit les visiteurs par son charme intemporel et son atmosph\u00e8re enchanteresse.<\/p><p style=\"text-align: center;\">Nich\u00e9e au c\u0153ur de la r\u00e9gion proven\u00e7ale, cette ville embl\u00e9matique allie histoire, culture \u00e0 la perfection.<\/p><p style=\"text-align: center;\">\u00e0 partir de 62.90\u20ac<\/p>\t\t\t\t\t\t<\/div>\n\t\t\t\t<\/div>\n\t\t\t\t<\/div>\n\t\t<div class=\"elementor-element elementor-element-4bcc3d6 e-con-full e-flex e-con e-child\" data-id=\"4bcc3d6\" data-element_type=\"container\" data-settings=\"{&quot;content_width&quot;:&quot;full&quot;}\">\n\t\t\t\t<div class=\"elementor-element elementor-element-2a69120 elementor-widget elementor-widget-image\" data-id=\"2a69120\" data-element_type=\"widget\" data-widget_type=\"image.default\">\n\t\t\t\t<div class=\"elementor-widget-container\">\n\t\t\t\t\t\t\t\t\t\t\t\t\t\t\t<img loading=\"lazy\" decoding=\"async\" width=\"950\" height=\"475\" src=\"https:\/\/blackberline.fr\/wp-content\/uploads\/2023\/11\/cours-mirabeau-aix-en-provence.webp\" class=\"attachment-large size-large wp-image-241\" alt=\"cours-mirabeau-aix-en-provence\" srcset=\"https:\/\/blackberline.fr\/wp-content\/uploads\/2023\/11\/cours-mirabeau-aix-en-provence.webp 961w, https:\/\/blackberline.fr\/wp-content\/uploads\/2023\/11\/cours-mirabeau-aix-en-provence-300x150.webp 300w, https:\/\/blackberline.fr\/wp-content\/uploads\/2023\/11\/cours-mirabeau-aix-en-provence-768x384.webp 768w, https:\/\/blackberline.fr\/wp-content\/uploads\/2023\/11\/cours-mirabeau-aix-en-provence-460x230.webp 460w, https:\/\/blackberline.fr\/wp-content\/uploads\/2023\/11\/cours-mirabeau-aix-en-provence-800x400.webp 800w\" sizes=\"100vw\" \/>\t\t\t\t\t\t\t\t\t\t\t\t\t\t\t<\/div>\n\t\t\t\t<\/div>\n\t\t\t\t<\/div>\n\t\t\t\t<\/div>\n\t\t<div class=\"elementor-element elementor-element-61be9ba e-con-full e-flex e-con e-child\" data-id=\"61be9ba\" data-element_type=\"container\" data-settings=\"{&quot;background_background&quot;:&quot;classic&quot;,&quot;content_width&quot;:&quot;full&quot;}\">\n\t\t<div class=\"elementor-element elementor-element-2954e91 e-con-full e-flex e-con e-child\" data-id=\"2954e91\" data-element_type=\"container\" data-settings=\"{&quot;content_width&quot;:&quot;full&quot;}\">\n\t\t\t\t<div class=\"elementor-element elementor-element-2f9c20c elementor-widget elementor-widget-heading\" data-id=\"2f9c20c\" data-element_type=\"widget\" data-widget_type=\"heading.default\">\n\t\t\t\t<div class=\"elementor-widget-container\">\n\t\t\t<h2 class=\"elementor-heading-title elementor-size-default\">R\u00e9servation pour la Ciotat<\/h2>\t\t<\/div>\n\t\t\t\t<\/div>\n\t\t\t\t<div class=\"elementor-element elementor-element-15b3722 elementor-widget elementor-widget-text-editor\" data-id=\"15b3722\" data-element_type=\"widget\" data-widget_type=\"text-editor.default\">\n\t\t\t\t<div class=\"elementor-widget-container\">\n\t\t\t\t\t\t\t<p style=\"text-align: center;\">La Ciotat, baign\u00e9e par la M\u00e9diterran\u00e9e, s\u00e9duit par son charme authentique, entre ses plages dor\u00e9es, son port pittoresque et son riche patrimoine historique, une destination qui allie harmonieusement tradition et modernit\u00e9.<\/p><p style=\"text-align: center;\">\u00e0 partir de 78.90\u20ac<\/p>\t\t\t\t\t\t<\/div>\n\t\t\t\t<\/div>\n\t\t\t\t<\/div>\n\t\t<div class=\"elementor-element elementor-element-f1de919 e-con-full e-flex e-con e-child\" data-id=\"f1de919\" data-element_type=\"container\" data-settings=\"{&quot;content_width&quot;:&quot;full&quot;}\">\n\t\t\t\t<div class=\"elementor-element elementor-element-29580b9 elementor-widget elementor-widget-image\" data-id=\"29580b9\" data-element_type=\"widget\" data-widget_type=\"image.default\">\n\t\t\t\t<div class=\"elementor-widget-container\">\n\t\t\t\t\t\t\t\t\t\t\t\t\t\t\t<img loading=\"lazy\" decoding=\"async\" width=\"640\" height=\"640\" src=\"https:\/\/blackberline.fr\/wp-content\/uploads\/2023\/11\/la-ciotat-calanque-de-figuerollesvvotcm-640x640-1.webp\" class=\"attachment-large size-large wp-image-244\" alt=\"la-ciotat-Calanque-de-FiguerollesvvOTCM-640x640\" srcset=\"https:\/\/blackberline.fr\/wp-content\/uploads\/2023\/11\/la-ciotat-calanque-de-figuerollesvvotcm-640x640-1.webp 640w, https:\/\/blackberline.fr\/wp-content\/uploads\/2023\/11\/la-ciotat-calanque-de-figuerollesvvotcm-640x640-1-300x300.webp 300w, https:\/\/blackberline.fr\/wp-content\/uploads\/2023\/11\/la-ciotat-calanque-de-figuerollesvvotcm-640x640-1-150x150.webp 150w, https:\/\/blackberline.fr\/wp-content\/uploads\/2023\/11\/la-ciotat-calanque-de-figuerollesvvotcm-640x640-1-306x306.webp 306w, https:\/\/blackberline.fr\/wp-content\/uploads\/2023\/11\/la-ciotat-calanque-de-figuerollesvvotcm-640x640-1-533x533.webp 533w\" sizes=\"100vw\" \/>\t\t\t\t\t\t\t\t\t\t\t\t\t\t\t<\/div>\n\t\t\t\t<\/div>\n\t\t\t\t<\/div>\n\t\t\t\t<\/div>\n\t\t\t\t\t<\/div>\n\t\t\t\t<\/div>\n\t\t<div class=\"elementor-element elementor-element-78f1ff5 e-flex e-con-boxed e-con e-parent\" data-id=\"78f1ff5\" data-element_type=\"container\" data-settings=\"{&quot;content_width&quot;:&quot;boxed&quot;}\" data-core-v316-plus=\"true\">\n\t\t\t\t\t<div class=\"e-con-inner\">\n\t\t\t\t<div class=\"elementor-element elementor-element-a79ba3a elementor-widget elementor-widget-spacer\" data-id=\"a79ba3a\" data-element_type=\"widget\" data-widget_type=\"spacer.default\">\n\t\t\t\t<div class=\"elementor-widget-container\">\n\t\t\t<style>\/*! elementor - v3.17.0 - 08-11-2023 *\/\n.elementor-column .elementor-spacer-inner{height:var(--spacer-size)}.e-con{--container-widget-width:100%}.e-con-inner>.elementor-widget-spacer,.e-con>.elementor-widget-spacer{width:var(--container-widget-width,var(--spacer-size));--align-self:var(--container-widget-align-self,initial);--flex-shrink:0}.e-con-inner>.elementor-widget-spacer>.elementor-widget-container,.e-con>.elementor-widget-spacer>.elementor-widget-container{height:100%;width:100%}.e-con-inner>.elementor-widget-spacer>.elementor-widget-container>.elementor-spacer,.e-con>.elementor-widget-spacer>.elementor-widget-container>.elementor-spacer{height:100%}.e-con-inner>.elementor-widget-spacer>.elementor-widget-container>.elementor-spacer>.elementor-spacer-inner,.e-con>.elementor-widget-spacer>.elementor-widget-container>.elementor-spacer>.elementor-spacer-inner{height:var(--container-widget-height,var(--spacer-size))}.e-con-inner>.elementor-widget-spacer.elementor-widget-empty,.e-con>.elementor-widget-spacer.elementor-widget-empty{position:relative;min-height:22px;min-width:22px}.e-con-inner>.elementor-widget-spacer.elementor-widget-empty .elementor-widget-empty-icon,.e-con>.elementor-widget-spacer.elementor-widget-empty .elementor-widget-empty-icon{position:absolute;top:0;bottom:0;left:0;right:0;margin:auto;padding:0;width:22px;height:22px}<\/style>\t\t<div class=\"elementor-spacer\">\n\t\t\t<div class=\"elementor-spacer-inner\"><\/div>\n\t\t<\/div>\n\t\t\t\t<\/div>\n\t\t\t\t<\/div>\n\t\t\t\t<div class=\"elementor-element elementor-element-ad1f509 elementor-align-center elementor-widget elementor-widget-button\" data-id=\"ad1f509\" data-element_type=\"widget\" data-widget_type=\"button.default\">\n\t\t\t\t<div class=\"elementor-widget-container\">\n\t\t\t\t\t<div class=\"elementor-button-wrapper\">\n\t\t\t<a class=\"elementor-button elementor-button-link elementor-size-sm\" href=\"https:\/\/blackberline.fr\/#panel-1\">\n\t\t\t\t\t\t<span class=\"elementor-button-content-wrapper\">\n\t\t\t\t\t\t<span class=\"elementor-button-icon elementor-align-icon-left\">\n\t\t\t\t<i aria-hidden=\"true\" class=\"fas fa-car-side\"><\/i>\t\t\t<\/span>\n\t\t\t\t\t\t<span class=\"elementor-button-text\">Je r\u00e9serve !<\/span>\n\t\t<\/span>\n\t\t\t\t\t<\/a>\n\t\t<\/div>\n\t\t\t\t<\/div>\n\t\t\t\t<\/div>\n\t\t\t\t\t<\/div>\n\t\t\t\t<\/div>\n\t\t<div class=\"elementor-element elementor-element-903aeaa e-flex e-con-boxed e-con e-parent\" data-id=\"903aeaa\" data-element_type=\"container\" data-settings=\"{&quot;content_width&quot;:&quot;boxed&quot;}\" data-core-v316-plus=\"true\">\n\t\t\t\t\t<div class=\"e-con-inner\">\n\t\t\t\t<div class=\"elementor-element elementor-element-1aa66ef elementor-widget elementor-widget-spacer\" data-id=\"1aa66ef\" data-element_type=\"widget\" data-widget_type=\"spacer.default\">\n\t\t\t\t<div class=\"elementor-widget-container\">\n\t\t\t\t\t<div class=\"elementor-spacer\">\n\t\t\t<div class=\"elementor-spacer-inner\"><\/div>\n\t\t<\/div>\n\t\t\t\t<\/div>\n\t\t\t\t<\/div>\n\t\t\t\t\t<\/div>\n\t\t\t\t<\/div>\n\t\t\t\t\t\t\t<\/div>\n\t\t","protected":false},"excerpt":{"rendered":"<p>R\u00e9servation pour l&#8217;a\u00e9roport de Marseille Trouvez rapidement votre chauffeur en d\u00e9part de Marseille ou \u00e0 l&#8217;arriv\u00e9e de l&#8217;a\u00e9roport AMP Marignane\u00a0 \u00e0 partir de 59.90\u20ac R\u00e9servation pour la Gare de Saint-Charles \u00c9vitez la foule \u00e0 la gare de Marseille Saint-Charles. Lorsque vous descendez du train, un chauffeur vous attendra au d\u00e9pose minute. \u00e0 partir de 24.90\u20ac &hellip; <\/p>\n<p class=\"link-more\"><a href=\"https:\/\/blackberline.fr\/index.php\/tarifs\/\" class=\"more-link\">Read more<span class=\"screen-reader-text\"> &#8220;Nos Forfaits&#8221;<\/span><\/a><\/p>\n","protected":false},"author":1,"featured_media":0,"parent":0,"menu_order":0,"comment_status":"closed","ping_status":"closed","template":"","meta":{"footnotes":""},"class_list":["post-112","page","type-page","status-publish","hentry"],"_links":{"self":[{"href":"https:\/\/blackberline.fr\/index.php\/wp-json\/wp\/v2\/pages\/112","targetHints":{"allow":["GET"]}}],"collection":[{"href":"https:\/\/blackberline.fr\/index.php\/wp-json\/wp\/v2\/pages"}],"about":[{"href":"https:\/\/blackberline.fr\/index.php\/wp-json\/wp\/v2\/types\/page"}],"author":[{"embeddable":true,"href":"https:\/\/blackberline.fr\/index.php\/wp-json\/wp\/v2\/users\/1"}],"replies":[{"embeddable":true,"href":"https:\/\/blackberline.fr\/index.php\/wp-json\/wp\/v2\/comments?post=112"}],"version-history":[{"count":47,"href":"https:\/\/blackberline.fr\/index.php\/wp-json\/wp\/v2\/pages\/112\/revisions"}],"predecessor-version":[{"id":339,"href":"https:\/\/blackberline.fr\/index.php\/wp-json\/wp\/v2\/pages\/112\/revisions\/339"}],"wp:attachment":[{"href":"https:\/\/blackberline.fr\/index.php\/wp-json\/wp\/v2\/media?parent=112"}],"curies":[{"name":"wp","href":"https:\/\/api.w.org\/{rel}","templated":true}]}}